{"id":742,"date":"2018-08-30T11:14:03","date_gmt":"2018-08-30T14:14:03","guid":{"rendered":"https:\/\/enssaenzpena-cba.infd.edu.ar\/sitio\/convocatorias\/"},"modified":"2020-06-29T19:14:37","modified_gmt":"2020-06-29T22:14:37","slug":"convocatorias","status":"publish","type":"page","link":"https:\/\/enssaenzpena-cba.infd.edu.ar\/sitio\/convocatorias\/","title":{"rendered":"CONVOCATORIAS"},"content":{"rendered":"<div style=\"mso-element: para-border-div; mso-border-alt: solid windowtext .5pt; border: windowtext 1pt solid; padding: 1pt 4pt 1pt 4pt;\">\n<h2 style=\"text-align: center;\"><span style=\"color: #000080;\">Convocatorias Nivel Superior 2020<\/span><\/h2>\n<h2 style=\"text-align: center;\"><span style=\"color: #000080;\">Res. Ministerial 194\/20<\/span><\/h2>\n<\/div>\n<h1><\/h1>\n<h1><\/h1>\n<p>&nbsp;<\/p>\n<h2><span style=\"color: #3366ff;\">Publicaci\u00f3n de Actas y Lista de Orden de M\u00e9rito<\/span><\/h2>\n<h2><\/h2>\n<h2><\/h2>\n<p>&nbsp;<\/p>\n<h3><span style=\"color: #333333;\">Acta Dictamen\u00a0\u00c9tica y Construcci\u00f3n de Ciudadan\u00eda- <\/span><\/h3>\n<h3><span style=\"color: #333333;\">29\/6\/2020 &#8211; 19:00 hs.<\/span><\/h3>\n<p>Se pone en conocimiento\u00a0 lo resuelto por la Comisi\u00f3n Evaluadora de D.G.E.S, adjuntando el Acta Dictamen con el correspondiente\u00a0orden de m\u00e9rito.<\/p>\n<p>La presente lista de Orden de M\u00e9rito ser\u00e1 publicada por nuestra instituci\u00f3n educativa durante 48 hs.<\/p>\n<p>Durante el per\u00edodo de publicaci\u00f3n y hasta el d\u00eda h\u00e1bil posterior de la finalizaci\u00f3n de la misma, los aspirantes deber\u00e1n remitir correo electr\u00f3nico a la instituci\u00f3n, aceptando el ofrecimiento. Caso contrario, se considerar\u00e1 que ha desistido del mismo.<\/p>\n<p>Una vez aceptado el ofrecimiento la instituci\u00f3n proceder\u00e1 a la designaci\u00f3n del docente.<\/p>\n<p>Correo Electr\u00f3nico al que los aspirantes enviar\u00e1n la notificaci\u00f3n:\u00a0\u00a0<strong>liceocosquin@gmail.com<\/strong><\/p>\n<p>A continuaci\u00f3n encontrar\u00e1 el Acta dictamen.<\/p>\n<p><a href=\"https:\/\/enssaenzpena-cba.infd.edu.ar\/sitio\/convocatorias\/acta-dictamen-etica-y-construccion-de-ciudadania\/\" rel=\"attachment wp-att-1034\">ACTA Dictamen \u00c9tica y Construcci\u00f3n de Ciudadan\u00eda<\/a><\/p>\n<h1><\/h1>\n<h1><\/h1>\n<h1><\/h1>\n<p>&nbsp;<\/p>\n<h2><span style=\"color: #3366ff;\">Primera convocatoria<\/span><\/h2>\n<h3><\/h3>\n<h3><span style=\"color: #333333;\">\u00c9tica y Construcci\u00f3n de Ciudadan\u00eda<\/span><\/h3>\n<ul>\n<li>Espacio curricular: <strong>\u00c9TICA Y CONSTRUCCI\u00d3N DE CIUDADAN\u00cdA<\/strong><\/li>\n<li>Instituci\u00f3n: COLEGIO SUPERIOR PTE ROQUE S\u00c1ENZ PE\u00d1A<\/li>\n<li>Carrera: PROFESORADO DE EDUCACI\u00d3N SECUNDARIA EN LENGUA Y LITERATURA<\/li>\n<li>Car\u00e1cter: SUPLENTE<\/li>\n<li>Curso\/Divisi\u00f3n: 4\u00b0 A<\/li>\n<li>Carga horaria: 3 HS<\/li>\n<li>D\u00edas y horario de desempe\u00f1o: MARTES 18,40 A 19,20, MARTES 19,20 A 20, MARTES 20,10 A 20,50<\/li>\n<li>Causal de la vacante: ENFERMEDAD CORTO TRATAMIENTO<\/li>\n<li>Fecha de vigencia de la publicaci\u00f3n: Mi\u00e9rcoles 3 de Junio de 2020 al Viernes 5 de Junio de 2020<\/li>\n<li>Correo electr\u00f3nico al que debe enviar la documentaci\u00f3n solicitada: liceocosquin@gmail.com<\/li>\n<\/ul>\n<p>&nbsp;<\/p>\n<p><strong>INSTRUCTIVO \u2013 RES. 194\/20<\/strong><\/p>\n<ol>\n<li><strong> INSCRIPCI\u00d3N DE POSTULANTES: <\/strong><\/li>\n<\/ol>\n<p>El aspirante deber\u00e1, con <strong>car\u00e1cter de Declaraci\u00f3n Jurada<\/strong>:<\/p>\n<p>1.1 Completar el formulario de inscripci\u00f3n online guardando un ejemplar por cada unidad curricular en que se postule para luego enviarlo por correo electr\u00f3nico conforme se dispone infra.<\/p>\n<p>1.2. Confeccionar el curriculum vitae (CV) seg\u00fan formato online.<\/p>\n<p>1.3 Informar el correo electr\u00f3nico que utilizar\u00e1 como medio de comunicaci\u00f3n fehaciente para el procedimiento teniendo la obligaci\u00f3n de notificar a la instituci\u00f3n correspondiente cualquier cambio respecto del mismo, bajo apercibimiento de tener por realizadas las notificaciones en el primer correo electr\u00f3nico informado ante la instituci\u00f3n.<\/p>\n<p>1.4 Enviar por correo electr\u00f3nico a la instituci\u00f3n, dentro de los tiempos fehacientemente establecidos y hasta la primera hora del d\u00eda h\u00e1bil posterior al cierre de la inscripci\u00f3n,-se considera en nuestra instituci\u00f3n esta hora de 17 a 18 hs del d\u00eda lunes 8 de Junio de 2020- Scan o PDF de la siguiente documentaci\u00f3n:<\/p>\n<ol>\n<li>Constancia de inscripci\u00f3n, correspondiente a cada unidad curricular en que se haya inscripto.<\/li>\n<li>D.N.I.<\/li>\n<li>CV nominativo seg\u00fan formato correspondiente.<\/li>\n<li>T\u00edtulo\/s, Certificados y Constancia de Servicios.<\/li>\n<li>Proyecto de abordaje del Espacio Curricular que contemple la virtualidad (hasta 7 p\u00e1ginas)<\/li>\n<\/ol>\n<p>1.5 El comprobante v\u00e1lido de la documentaci\u00f3n presentada ser\u00e1 el correo que la Instituci\u00f3n enviar\u00e1, en el t\u00e9rmino de 24 hs., confirmando la recepci\u00f3n y su detalle. <strong>Ser\u00e1 considerado como \u00fanico comprobante v\u00e1lido de la inscripci\u00f3n y de la documentaci\u00f3n presentada por el aspirante<\/strong>.<\/p>\n<p>1.6. El env\u00edo del correo electr\u00f3nico con la solicitud de inscripci\u00f3n importa, por parte del aspirante, el conocimiento y la aceptaci\u00f3n de las condiciones fijadas por el presente procedimiento.<\/p>\n<p>&nbsp;<\/p>\n<p><strong>\u00a0<\/strong><\/p>\n<p><strong>FORMULARIO DE INSCRIPCI\u00d3N \u00a0(Res. Minist.\u00a0 N\u00b0 194\/20) ONLINE \u2013<\/strong><\/p>\n<p><strong>\u00a0<\/strong><\/p>\n<ul>\n<li><strong>Apellido\/s y Nombre\/s: <\/strong><\/li>\n<li><strong>N.l.:<\/strong><\/li>\n<li><strong>Email:<\/strong><\/li>\n<li><strong>Tel\u00e9fono:<\/strong><\/li>\n<li><strong>Domicilio:<\/strong><\/li>\n<li><strong>Instituci\u00f3n en que se genera la vacante:<\/strong><\/li>\n<li><strong>Fecha de vigencia de la publicaci\u00f3n:<\/strong><\/li>\n<li><strong>Carrera (Nombre <\/strong><strong>correcto de la misma) <\/strong><\/li>\n<li><strong>Espacio curricular (C\u00f3digo y nombre):<\/strong><\/li>\n<li><strong>Car\u00e1cter (interino \/ suplente):<\/strong><\/li>\n<li><strong>Curso\/Divisi\u00f3n:<\/strong><\/li>\n<li><strong>Carga horaria:<\/strong><\/li>\n<li><strong>Causal de la vacante:<\/strong><\/li>\n<\/ul>\n<p><strong><u>\u00a0<\/u><\/strong><\/p>\n<p><strong><u>Formato de Curr\u00edculum Vitae<\/u><\/strong><\/p>\n<p><strong>(Res. Minist.\u00a0 N\u00b0 194\/20)<\/strong><\/p>\n<p>&nbsp;<\/p>\n<ol>\n<li><strong> Datos Personales<\/strong><\/li>\n<\/ol>\n<p><strong>Apellido\/s y Nombre\/s:<\/strong><\/p>\n<p><strong>D.N.I.:<\/strong><\/p>\n<p><strong>Domicilio:<\/strong><\/p>\n<p><strong>Tel\u00e9fono Fijo:<\/strong><\/p>\n<p><strong>Tel\u00e9fono M\u00f3vil:<\/strong><\/p>\n<p><strong>Correo Electr\u00f3nico (E-Mail):<\/strong><\/p>\n<p>&nbsp;<\/p>\n<ol start=\"2\">\n<li><strong> Titulaci\u00f3n de Educaci\u00f3n Superior<\/strong><\/li>\n<\/ol>\n<p><strong>T\u00edtulo Obtenido:<\/strong><\/p>\n<p><strong>Entidad Otorgante:<\/strong><\/p>\n<p><strong>Fecha de Egreso:<\/strong><\/p>\n<p>&nbsp;<\/p>\n<ol start=\"3\">\n<li><strong> FORMACI\u00d3N DE POSGRADO<a href=\"#_ftn1\" name=\"_ftnref1\"><sup>[1]<\/sup><\/a>.<\/strong><\/li>\n<\/ol>\n<p><strong>T\u00edtulo obtenido:\u00a0\u00a0\u00a0\u00a0\u00a0\u00a0\u00a0\u00a0\u00a0\u00a0\u00a0\u00a0\u00a0\u00a0\u00a0\u00a0\u00a0\u00a0\u00a0\u00a0\u00a0\u00a0\u00a0\u00a0\u00a0\u00a0\u00a0\u00a0\u00a0\u00a0\u00a0\u00a0\u00a0\u00a0\u00a0\u00a0 <\/strong><strong>\u00a0<\/strong><\/p>\n<p><strong>Tipo (Doctorado \/ Maestr\u00eda \/ Especializaci\u00f3n): <\/strong><strong>\u00a0<\/strong><\/p>\n<p><strong>Carga Horaria:<\/strong><\/p>\n<p><strong>Entidad que lo otorga: <\/strong><strong>\u00a0<\/strong><\/p>\n<p><strong>Fecha de egreso:<\/strong><\/p>\n<p>&nbsp;<\/p>\n<ol start=\"4\">\n<li><strong> FORMACI\u00d3N DE POST\u00cdTULO<a href=\"#_ftn2\" name=\"_ftnref2\"><sup>[2]<\/sup><\/a>.<\/strong><\/li>\n<\/ol>\n<p><strong>T\u00edtulo obtenido:<\/strong><\/p>\n<p><strong>Tipo (Indicar Diplomatura\/ Especializaci\u00f3n\/ Actualizaci\u00f3n): <\/strong><strong>\u00a0<\/strong><\/p>\n<p><strong>Carga Horaria:<\/strong><\/p>\n<p><strong>Entidad que lo otorga: <\/strong><strong>\u00a0<\/strong><\/p>\n<p><strong>Fecha de egreso:<\/strong><\/p>\n<p><strong>\u00a0<\/strong><\/p>\n<ol start=\"5\">\n<li><strong> Formaci\u00f3n Continua<\/strong><\/li>\n<\/ol>\n<p><strong>Denominaci\u00f3n:<\/strong><\/p>\n<p><strong>Tipo<a href=\"#_ftn3\" name=\"_ftnref3\">[3]<\/a>:<\/strong><\/p>\n<p><strong>Carga Horaria<a href=\"#_ftn4\" name=\"_ftnref4\">[4]<\/a>:<\/strong><\/p>\n<p><strong>Resoluci\u00f3n (indicar si corresponde)<a href=\"#_ftn5\" name=\"_ftnref5\">[5]<\/a>:<\/strong><\/p>\n<p><strong>Asistente o Capacitador:<\/strong><\/p>\n<p><strong>Evaluaci\u00f3n (S\u00ed \/ No):<\/strong><\/p>\n<p><strong>Nivel para el cual se forma:<\/strong><\/p>\n<p><strong>Fecha<a href=\"#_ftn6\" name=\"_ftnref6\">[6]<\/a>:<\/strong><\/p>\n<p><strong>Entidad certificante:<\/strong><\/p>\n<p>&nbsp;<\/p>\n<ol start=\"6\">\n<li><strong> Investigaciones<\/strong><a href=\"#_ftn7\" name=\"_ftnref7\">[7]<\/a><\/li>\n<\/ol>\n<p><strong>Denominaci\u00f3n:<\/strong><\/p>\n<p><strong>Tem\u00e1tica de la Investigaci\u00f3n:<\/strong><\/p>\n<p><strong>Nombre de la Instituci\u00f3n que la avala:<\/strong><\/p>\n<p><strong>Rol que desarrolla en la investigaci\u00f3n (Director o integrante de equipo):<\/strong><\/p>\n<p><strong>Duraci\u00f3n:<\/strong><\/p>\n<p>&nbsp;<\/p>\n<ol start=\"7\">\n<li><strong> Publicaciones<\/strong><a href=\"#_ftn8\" name=\"_ftnref8\">[8]<\/a><\/li>\n<\/ol>\n<p><strong>Nombre de la publicaci\u00f3n con ISBN, ISSN, referato o avalada por instituciones de reconocida trayectoria:<\/strong><\/p>\n<p><strong>\u00danico autor \/ Autor\u00eda compartida \/ Art\u00edculo \/ Cap\u00edtulo<a href=\"#_ftn9\" name=\"_ftnref9\">[9]<\/a>:<\/strong><\/p>\n<p><strong>N\u00famero de p\u00e1ginas:<\/strong><\/p>\n<p><strong>Editorial:<\/strong><\/p>\n<p><strong>Lugar y Fecha de publicaci\u00f3n:<\/strong><\/p>\n<p>&nbsp;<\/p>\n<ol start=\"8\">\n<li><strong> Antecedentes Laborales<\/strong><a href=\"#_ftn10\" name=\"_ftnref10\">[10]<\/a><\/li>\n<li><strong>Antecedentes relacionados con la docencia<\/strong><\/li>\n<li><strong>Antecedentes laborales que no guardan relaci\u00f3n con la docencia<\/strong><\/li>\n<\/ol>\n<p>&nbsp;<\/p>\n<p>&nbsp;<\/p>\n<ol start=\"9\">\n<li><strong> Otros Antecedentes Relevantes<\/strong><a href=\"#_ftn11\" name=\"_ftnref11\">[11]<\/a><\/li>\n<\/ol>\n<p><strong>\u00a0<\/strong><\/p>\n<p><strong>\u00a0<\/strong><\/p>\n<p><strong>\u00a0<\/strong><\/p>\n<p><strong>\u00a0<\/strong><\/p>\n<p><strong>\u00a0<\/strong><\/p>\n<table>\n<tbody>\n<tr>\n<td width=\"576\"><strong>EL PRESENTE CURRICULUM VITAE\u00a0 NOMINATIVO REVISTE EL CAR\u00c1CTER DE DECLARACI\u00d3N JURADA. <\/strong><\/td>\n<\/tr>\n<\/tbody>\n<\/table>\n<p><strong>\u00a0<\/strong><\/p>\n<p><strong>\u00a0<\/strong><\/p>\n<p>Aspirante &#8212;&#8212;&#8212;&#8212;&#8212;&#8212;&#8212;&#8212;-<\/p>\n<p><strong>Nombre y Apellido &#8211;\u00a0 DNI.\u00a0\u00a0\u00a0\u00a0\u00a0\u00a0\u00a0\u00a0\u00a0\u00a0\u00a0\u00a0\u00a0\u00a0\u00a0\u00a0\u00a0\u00a0\u00a0\u00a0\u00a0\u00a0\u00a0\u00a0\u00a0\u00a0\u00a0\u00a0 <\/strong><\/p>\n<p><strong>\u00a0<\/strong><\/p>\n<p>&nbsp;<\/p>\n<p>&nbsp;<\/p>\n<p>&nbsp;<\/p>\n<p>&nbsp;<\/p>\n<p>&nbsp;<\/p>\n<p>&nbsp;<\/p>\n<p>&nbsp;<\/p>\n<p><a href=\"#_ftnref1\" name=\"_ftn1\"><sup>[1]<\/sup><\/a> Deber\u00e1n estar relacionados con la especificidad del EC\/UC Vacante y la Res. Min. N\u00b0 1168\/97<\/p>\n<p><a href=\"#_ftnref2\" name=\"_ftn2\"><sup>[2]<\/sup><\/a> Deber\u00e1n estar relacionados con la especificidad del EC\/UC Vacante y la Res CFE N\u00b0 151\/00 y Res CFE N\u00b0 117\/10.-<\/p>\n<p>&nbsp;<\/p>\n<p><a href=\"#_ftnref3\" name=\"_ftn3\">[3]<\/a> Cursos \/ Seminarios \/ Conferencias \/ Jornadas \/ Congresos \/ Talleres \/ Foros \/ Paneles y Otros.<\/p>\n<p><a href=\"#_ftnref4\" name=\"_ftn4\">[4]<\/a> En horas reloj.<\/p>\n<p><a href=\"#_ftnref5\" name=\"_ftn5\">[5]<\/a> N\u00famero de Resoluci\u00f3n Ministerial o Universitaria.<\/p>\n<p><a href=\"#_ftnref6\" name=\"_ftn6\">[6]<\/a> <strong>Capacitaciones que posean una antig\u00fcedad no mayor a 10 (diez) a\u00f1os con referencia a la fecha de inicio de la convocatoria.<\/strong><\/p>\n<p><a href=\"#_ftnref7\" name=\"_ftn7\">[7]<\/a> Relacionadas con\u00a0 la especificidad de la EC\/UC vacante las carreras que ofrece el IES.<\/p>\n<p><a href=\"#_ftnref8\" name=\"_ftn8\">[8]<\/a>Relacionadas con\u00a0 la especificidad de la EC\/UC vacante de las carreras que ofrece el IES.<\/p>\n<p><a href=\"#_ftnref9\" name=\"_ftn9\">[9]<\/a>Relacionadas con\u00a0 la especificidad de la EC\/UC vacante .Si se trata de publicaciones digitales, la direcci\u00f3n URL, Indicar seg\u00fan corresponda.<\/p>\n<p><a href=\"#_ftnref10\" name=\"_ftn10\">[10]<\/a> Adjuntar constancia de servicio u otra documentaci\u00f3n certificante.<\/p>\n<p><a href=\"#_ftnref11\" name=\"_ftn11\">[11]<\/a> Relacionado con la UC \/EC vacante.<\/p>\n","protected":false},"excerpt":{"rendered":"<p>Convocatorias Nivel Superior 2020 Res. Ministerial 194\/20 &nbsp; Publicaci\u00f3n de Actas y Lista de Orden de M\u00e9rito &nbsp; Acta Dictamen\u00a0\u00c9tica y Construcci\u00f3n de Ciudadan\u00eda- 29\/6\/2020 &#8211; 19:00 hs. Se pone en conocimiento\u00a0 lo resuelto por la Comisi\u00f3n Evaluadora de D.G.E.S, adjuntando el Acta Dictamen con el correspondiente\u00a0orden de m\u00e9rito. La presente lista de Orden de &#8230; <a title=\"CONVOCATORIAS\" class=\"read-more\" href=\"https:\/\/enssaenzpena-cba.infd.edu.ar\/sitio\/convocatorias\/\" aria-label=\"More on CONVOCATORIAS\">[+]<\/a><\/p>\n","protected":false},"author":107,"featured_media":0,"parent":0,"menu_order":0,"comment_status":"closed","ping_status":"closed","template":"","meta":[],"acf":[],"_links":{"self":[{"href":"https:\/\/enssaenzpena-cba.infd.edu.ar\/sitio\/wp-json\/wp\/v2\/pages\/742"}],"collection":[{"href":"https:\/\/enssaenzpena-cba.infd.edu.ar\/sitio\/wp-json\/wp\/v2\/pages"}],"about":[{"href":"https:\/\/enssaenzpena-cba.infd.edu.ar\/sitio\/wp-json\/wp\/v2\/types\/page"}],"author":[{"embeddable":true,"href":"https:\/\/enssaenzpena-cba.infd.edu.ar\/sitio\/wp-json\/wp\/v2\/users\/107"}],"replies":[{"embeddable":true,"href":"https:\/\/enssaenzpena-cba.infd.edu.ar\/sitio\/wp-json\/wp\/v2\/comments?post=742"}],"version-history":[{"count":8,"href":"https:\/\/enssaenzpena-cba.infd.edu.ar\/sitio\/wp-json\/wp\/v2\/pages\/742\/revisions"}],"predecessor-version":[{"id":1039,"href":"https:\/\/enssaenzpena-cba.infd.edu.ar\/sitio\/wp-json\/wp\/v2\/pages\/742\/revisions\/1039"}],"wp:attachment":[{"href":"https:\/\/enssaenzpena-cba.infd.edu.ar\/sitio\/wp-json\/wp\/v2\/media?parent=742"}],"curies":[{"name":"wp","href":"https:\/\/api.w.org\/{rel}","templated":true}]}}